nds digit of 5837381?
8
What is the hundreds digit of 2162394?
3
What is the tens digit of 793570?
7
What is the thousands digit of 18498?
8
What is the ten thousands digit of 315234?
1
What is the millions digit of 2125279?
2
What is the hundreds digit of 97424?
4
What is the ten thousands digit of 36791482?
9
What is the units digit of 3981770?
0
What is the tens digit of 5023009?
0
What is the thousands digit of 297291?
7
What is the units digit of 18866775?
5
What is the ten thousands digit of 71894?
7
What is the units digit of 4748969?
9
What is the units digit of 836522?
2
What is the hundreds digit of 272761?
7
What is the ten thousands digit of 197554?
9
What is the thousands digit of 10100094?
0
What is the hundreds digit of 113157?
1
What is the hundred thousands digit of 1549855?
5
What is the thousands digit of 2915428?
5
What is the thousands digit of 218640?
8
What is the thousands digit of 717709?
7
What is the thousands digit of 679894?
9
What is the ten thousands digit of 1217989?
1
What is the hundreds digit of 9185246?
2
What is the thousands digit of 12534530?
4
What is the thousands digit of 2571399?
1
What is the hundreds digit of 945747?
7
What is the thousands digit of 136917?
6
What is the units digit of 2343478?
8
What is the ten thousands digit of 2010449?
1
What is the thousands digit of 10053407?
3
What is the ten millions digit of 30640191?
3
What is the ten thousands digit of 1299954?
9
What is the units digit of 51198?
8
What is the hundreds digit of 18247679?
6
What is the thousands digit of 744394?
4
What is the thousands digit of 6563806?
3
What is the tens digit of 188158?
5
What is the thousands digit of 3036680?
6
What is the ten millions digit of 25934032?
2
What is the hundred thousands digit of 31373526?
3
What is the ten thousands digit of 2452219?
5
What is the hundred thousands digit of 5189100?
1
What is the hundreds digit of 21058126?
1
What is the hundred thousands digit of 1015493?
0
What is the hundred thousands digit of 255707?
2
What is the units digit of 16096?
6
What is the thousands digit of 810975?
0
What is the units digit of 335944?
4
What is the tens digit of 8284442?
4
What is the thousands digit of 686004?
6
What is the units digit of 1749415?
5
What is the hundreds digit of 16582708?
7
What is the hundred thousands digit of 449172?
4
What is the hundreds digit of 212339?
3
What is the units digit of 2315966?
6
What is the units digit of 2539843?
3
What is the thousands digit of 181071?
1
What is the units digit of 919927?
7
What is the units digit of 428828?
8
What is the tens digit of 444736?
3
What is the thousands digit of 949649?
9
What is the hundreds digit of 7307089?
0
What is the units digit of 931986?
6
What is the hundreds digit of 24687?
6
What is the hundreds digit of 14563816?
8
What is the tens digit of 61001?
0
What is the thousands digit of 440566?
0
What is the hundred thousands digit of 880668?
8
What is the thousands digit of 540006?
0
What is the ten thousands digit of 643386?
4
What is the thousands digit of 343269?
3
What is the tens digit of 13937891?
9
What is the hundred thousands digit of 447286?
4
What is the thousands digit of 83809?
3
What is the thousands digit of 52822?
2
What is the hundreds digit of 177123?
1
What is the thousands digit of 1278503?
8
What is the ten thousands digit of 643840?
4
What is the thousands digit of 198578?
8
What is the ten millions digit of 26755054?
2
What is the hundreds digit of 3042891?
8
What is the ten thousands digit of 88669?
8
What is the tens digit of 1867960?
6
What is the hundreds digit of 873140?
1
What is the millions digit of 1900613?
1
What is the thousands digit of 1405474?
5
What is the units digit of 472193?
3
What is the tens digit of 1979750?
5
What is the hundreds digit of 21843?
8
What is the tens digit of 207671?
7
What is the ten thousands digit of 43697?
4
What is the tens digit of 1264443?
4
What is the thousands digit of 7207773?
7
What is the thousands digit of 690239?
0
What is the ten thousands digit of 29553514?
5
What is the millions digit of 7142655?
7
What is the millions digit of 1012471?
1
What is the units digit of 2913736?
6
What is the millions digit of 1187340?
1
What is the hundred thousands digit of 329214?
3
What is the hundreds digit of 981923?
9
What is the ten thousands digit of 183538?
8
What is the thousands digit of 23727402?
7
What is the thousands digit of 11551728?
1
What is the hundreds digit of 13025946?
9
What is the hundred thousands digit of 253086?
2
What is the tens digit of 2105210?
1
What is the hundreds digit of 384945?
9
What is the thousands digit of 214443?
4
What is the units digit of 460417?
7
What is the thousands digit of 6275912?
5
What is the ten thousands digit of 924956?
2
What is the hundreds digit of 28320340?
3
What is the tens digit of 59344?
4
What is the hundred thousands digit of 4440903?
4
What is the tens digit of 459432?
3
What is the tens digit of 2742138?
3
What is the millions digit of 7122904?
7
What is the hundred thousands digit of 5348327?
3
What is the hundreds digit of 295711?
7
What is the tens digit of 1337763?
6
What is the hundreds digit of 7507170?
1
What is the thousands digit of 274285?
4
What is the units digit of 69327?
7
What is the millions digit of 19882595?
9
What is the units digit of 15150555?
5
What is the tens digit of 886093?
9
What is the ten millions digit of 10540964?
1
What is the hundred thousands digit of 325995?
3
What is the hundred thousands digit of 1964361?
9
What is the millions digit of 14360185?
4
What is the hundreds digit of 88175?
1
What is the ten thousands digit of 248272?
4
What is the tens digit of 9293451?
5
What is the ten thousands digit of 9493339?
9
What is the hundreds digit of 172379?
3
What is the tens digit of 3512850?
5
What is the hundred thousands digit of 14229398?
2
What is the thousands digit of 751650?
1
What is the units digit of 345390?
0
What is the units digit of 6315118?
8
What is the ten thousands digit of 568664?
6
What is the thousands digit of 2025725?
5
What is the tens digit of 342015?
1
What is the hundred thousands digit of 412215?
4
What is the ten thousands digit of 10686931?
8
What is the thousands digit of 392584?
2
What is the units digit of 2695007?
7
What is the units digit of 374983?
3
What is the ten thousands digit of 327908?
2
What is the tens digit of 10021659?
5
What is the tens digit of 2711408?
0
What is the thousands digit of 2819438?
9
What is the tens digit of 389771?
7
What is the hundred thousands digit of 2283377?
2
What is the ten thousands digit of 330998?
3
What is the ten thousands digit of 65861?
6
What is the tens digit of 537303?
0
What is the units digit of 238188?
8
What is the hundreds digit of 307561?
5
What is the units digit of 883671?
1
What is the units digit of 28416741?
1
What is the hundred thousands digit of 240782?
2
What is the units digit of 195991?
1
What is the ten thousands digit of 8404062?
0
What is the tens digit of 8767191?
9
What is the thousands digit of 33253?
3
What is the hundred thousands digit of 1296165?
2
What is the units digit of 144485?
5
What is the ten thousands digit of 22249604?
4
What is the hundreds digit of 3166625?
6
What is the tens digit of 11930665?
6
What is the thousands digit of 1560848?
0
What is the tens digit of 699071?
7
What is the ten millions digit of 24141409?
2
What is the ten thousands digit of 1341075?
4
What is the thousands digit of 864741?
4
What is the tens digit of 2518367?
6
What is the units digit of 3220?
0
What is the hundreds digit of 3638341?
3
What is the ten thousands digit of 16195395?
9
What is the tens digit of 132026?
2
What is the units digit of 12370166?
6
What is the hundreds digit of 296712?
7
What is the thousands digit of 1255669?
5
What is the hundreds digit of 1606?
6
What is the millions digit of 2654845?
2
What is the tens digit of 922868?
6
What is the millions digit of 1211658?
1
What is the units digit of 312199?
9
What is the ten thousands digit of 18850?
1
What is the tens digit of 501230?
3
What is the ten thousands digit of 9048825?
4
What is the hundreds digit of 486567?
5
What is the thousands digit of 2580312?
0
What is the units digit of